 is the greatest common factor of r and 111?
3
Let v(q) = 3*q**3 - q + 1. Let u be v(1). Suppose -3*x = 9, 5*c - 125 = u*x + 219. Suppose 53 = -2*j + c. Calculate the greatest common divisor of 2 and j.
1
Suppose 32 - 29 = 3*h. Let n(b) = 572*b**2 + b + 1. Let g be n(h). What is the greatest common factor of g and 14?
14
Suppose 462 = 32*k - 1362. What is the greatest common factor of 2983 and k?
19
Let t(d) = 14*d**2 + d + 692. Let i be t(0). Let v = i + -348. What is the highest common factor of v and 8?
8
Let c = 280 + -278. Suppose 0 = 3*k - c*a - 18, -4*k + 2*a + 11 = -11. Let t = -49 + 69. What is the highest common divisor of t and k?
4
Suppose 133 = 4*y + 3*y. Suppose 0 = -y*v + 20*v - 16. What is the highest common factor of 1 and v?
1
Suppose -68*b + 63*b = p - 169, 79 = 3*b - 5*p. What is the highest common factor of 616 and b?
11
Suppose 3*z = l + 3*l + 108, -l = -5*z + 27. Suppose -3*f - 96 = -708. Let q = f - l. What is the greatest common divisor of q and 33?
33
Let p = -27 + 30. Let c(l) = 16*l - 661. Let w be c(43). Calculate the greatest common factor of w and p.
3
Suppose 2*o = -o + 27. Let u = -34 - -20. Let f = u + 23. What is the highest common factor of f and o?
9
Suppose -5*k - 63*j + 18 = -64*j, 4*k + 24 = -4*j. Calculate the greatest common divisor of k and 220.
2
Suppose 0 = f + 2*a - 342, 4*f - 339 = 3*f - 3*a. Calculate the highest common divisor of 609 and f.
87
Let q = 19434 + -18829. What is the greatest common divisor of 220 and q?
55
Let t be (66/4 + -2)*14. Let a be (3 - 88/(-16) - 7)*232/12. What is the highest common factor of a and t?
29
Let s be 4/14 + (-58200)/(-42). Let y be s/6 - 3 - 4*1. What is the highest common factor of y and 42?
14
Let m(v) = 69 + 4*v - 69. Let f be m(3). Suppose 3*r + 5*z - f = 57, -30 = -2*r + 2*z. Calculate the greatest common factor of 27 and r.
9
Let d(x) = -27*x - 13. Let v be d(-18). Let l(y) = y**3 + 36*y**2 + 34*y - 24. Let i be l(-35). What is the greatest common divisor of i and v?
11
Suppose -5*i = -2 - 18. Suppose -5*y = -2*c + 3, 5*c - 2*c - 8 = i*y. Suppose -3*b - 3 = -0, -29 = -c*h + 5*b. What is the greatest common divisor of 54 and h?
6
Let k(w) = 17*w + 3 - 6*w + 2*w**2 - 3*w. Let n be k(-4). Let m be ((n - (-38)/(-10))*10)/(-1). What is the highest common factor of 4 and m?
4
Suppose -5*x - 13*m + 8*m + 13355 = 0, -2*m - 5350 = -2*x. Calculate the greatest common factor of 18 and x.
9
Let k(c) = 8*c - 6 + 211*c**2 + c - 209*c**2. Let u be k(-7). What is the highest common factor of u and 203?
29
Let v(f) = 2*f - 22. Let a be v(20). Suppose a*d = 714 + 726. Calculate the highest common divisor of 64 and d.
16
Let k(n) = -3*n**2 + 13*n + 2323. Let d be k(0). What is the greatest common divisor of d and 202?
101
Suppose -2*w = 2*w - 24. Let p be (-4)/w - -1*55/15. What is the greatest common factor of p and 105?
3
Let t(y) = 74*y**2 - 46*y - 12. Let a be t(-2). Calculate the greatest common factor of 3478 and a.
94
Let y = -57 + 59. Suppose 5*o + 3*n = 142, -6*o + 4*n + 120 = -y*o. Let b be (-6 - -11) + -4 - o/(-1). Calculate the greatest common divisor of b and 120.
30
Let g be ((-70)/4)/(59/(-236)). What is the greatest common divisor of g and 385?
35
Suppose -s + 135 = 4*q - 6*s, 3*s - 3 = 0. Suppose q = m + 6*m. Suppose 3*o = -d - 0*d + 40, d = m*o + 8. What is the highest common factor of d and 42?
14
Let l = 14813 - 8688. What is the highest common factor of l and 125?
125
Suppose -6*l - 25*l + 6721 = -2455. Calculate the highest common factor of l and 1258.
74
Let b(k) = -k**3 + 2*k**2 + 16*k + 2. Let f be b(5). Suppose -78 = f*h - 141. Let o be 74/8 + 2/(-8). What is the highest common divisor of h and o?
9
Let c be (-3848)/6*((-11322)/(-68))/(-37). What is the highest common factor of c and 555?
111
Let g(d) = -30*d + 1788. Let c be g(42). Calculate the highest common factor of c and 192.
48
Suppose 4*u - 5 = 5*p + 10, 3*u - 5*p - 5 = 0. Suppose -10*j + 9*j = 10. Let x be 312/15 - (-8)/j. Calculate the highest common divisor of u and x.
10
Let j = 14 - 3. Suppose -3*y = -2*y + 4*y - 385. What is the greatest common factor of y and j?
11
Let r = -107 - -107. Suppose -10*u + 20 + 20 = r. Suppose -66 = -u*d + 3*d. Calculate the highest common divisor of 6 and d.
6
Suppose -4210 + 20051 = 22*w - 17247. Calculate the greatest common divisor of 20 and w.
4
Suppose 3*r = 3*h - 21, 0*h + 4*r + 13 = h. Let d be h + -8*(-4 - 65/(-20)). Let z = 90 + -2. What is the highest common divisor of d and z?
11
Let k be (104 - 101)*(60 - 1). What is the highest common divisor of k and 1357?
59
Let d = 1 - -3. Suppose -10172 = -118*j - 7576. Calculate the highest common factor of d and j.
2
Suppose 665 = b - 5*u, -11*b + u + 1357 = -9*b. Calculate the greatest common divisor of b and 8585.
85
Suppose -9*z - 4*i = -1055, -139*z - 3*i = -136*z - 360. What is the highest common factor of z and 529?
23
Let u(x) = -5*x + 1060. Let c be u(35). Calculate the greatest common factor of 118 and c.
59
Suppose -35*i + 35824 + 9296 = 13*i. Calculate the highest common divisor of i and 2444.
188
Suppose -128 = 5*k - d, 3*k + 3*d = -2*k - 116. Let r = k + 498. Calculate the highest common divisor of r and 43.
43
Suppose -2*n = -195 - 13. Suppose -n = -6*j + 94. Let u(b) = 28*b - 11. Let v be u(11). What is the greatest common divisor of v and j?
33
Let c(d) = d**2 - 30*d + 29. Let q be c(29). Suppose -2*a - 7*a + 90 = q. Calculate the greatest common divisor of a and 10.
10
Suppose -3*j = j - 532. Let b = 1817 - 1810. Calculate the highest common divisor of j and b.
7
Let i be 176/(-24)*(2220/(-8))/(-5). Let w = 442 + i. Calculate the greatest common divisor of 1295 and w.
35
Let r be ((-21)/6 - -1)/(37/(-444)). Suppose 17*l = r*l - 455. Calculate the highest common divisor of l and 50.
5
Let p(x) = -3*x**2 + 8*x + 3. Let n be p(4). Let t(j) = j**2 + 8*j - 5. Let i be t(n). What is the highest common divisor of 45 and i?
15
Let m = 2155 - 899. Calculate the greatest common divisor of m and 32.
8
Let h = -514 + 838. Let z = h - 139. Suppose 0 = 9*y - 4*y - 5*n - 200, -n + z = 4*y. What is the highest common factor of y and 5?
5
Let g be (-6)/(-8) - (-117)/52. Suppose 14*a - 12617 = g*a. What is the greatest common divisor of a and 31?
31
Let y = -7123 + 7539. Calculate the greatest common divisor of y and 26.
26
Let a = 1124 - 1407. Let d be ((-150)/(-35))/(a/(-56) - 5). Let v be (-95)/(-3) - 3/(-9). Calculate the greatest common divisor of v and d.
16
Let z be (131 + 1)*48/672 + (-6)/14. What is the greatest common divisor of z and 129?
3
Suppose 0 = -8*o + 75 + 61. Let r(n) = -3*n + 58. Let q be r(o). What is the greatest common factor of q and 14?
7
Let l(n) be the third derivative of -13*n**4/6 + 13*n**3/3 + 3*n**2 - 53. Let q be l(-16). What is the highest common divisor of q and 66?
66
Suppose 110 = -13*z - 124. Let u be 6/(-2) - (z + 14). Calculate the highest common divisor of u and 9.
1
Suppose 3*m + 1 = -h, -3*m = 5*h - 51 - 4. Suppose -4*k + 2*d = -k - 18, -6 = 2*d. Suppose 4*w + k = 6*w. What is the highest common divisor of w and h?
2
Let o be -7*10/(-28)*(-2)/(-5). Let h be (((-29)/(-4))/(15/60))/o. Calculate the greatest common factor of h and 29.
29
Suppose -9*k = k + 20. Let v be ((-50)/(-6))/((-13)/780*k). Calculate the greatest common factor of 100 and v.
50
Suppose -12*a + 341 = -2143. Let u = -155 + a. What is the greatest common divisor of 13 and u?
13
Suppose 25866 = 18*y - 12*y. What is the greatest common factor of y and 9?
9
Suppose -2547 - 1845 = -61*b. Calculate the greatest common factor of b and 30.
6
Let z = -88 + 95. Let u be (3/15)/(28/10780). What is the greatest common factor of u and z?
7
Let m = -8 - -32. Let l = -8 - -32. Calculate the highest common divisor of l and m.
24
Let t = 1229 - 854. What is the highest common divisor of t and 900?
75
Suppose -7 = -3*d - 5*l - 3, 5*d - 48 = 2*l. Let h be 867/2 + (-12)/d. Calculate the highest common divisor of 48 and h.
48
Suppose -37*c + 145 = -8*c. Suppose 49 = c*h - 11. Calculate the highest common factor of h and 24.
12
Let s be 9 - (31 - -5)/9. Suppose -p + s*i = -2, p + 2*i = -0*i + 30. What is the highest common divisor of 198 and p?
22
Suppose -16*a = -9*a - 14. Suppose 2*f + a*d = 14, -f - 4*d - 2